ivisor of 19 and 1.
1
Calculate the highest common factor of 15 and 480.
15
What is the greatest common divisor of 2370 and 30?
30
What is the highest common divisor of 72 and 200?
8
What is the greatest common factor of 40 and 35?
5
What is the highest common divisor of 392 and 70?
14
Calculate the greatest common divisor of 4 and 10.
2
What is the greatest common factor of 2 and 336?
2
What is the highest common divisor of 112 and 1536?
16
Calculate the greatest common divisor of 12 and 24.
12
Calculate the greatest common factor of 595 and 35.
35
What is the greatest common factor of 23 and 1909?
23
What is the greatest common factor of 204 and 153?
51
Calculate the highest common factor of 44 and 297.
11
What is the greatest common factor of 22 and 187?
11
What is the highest common divisor of 1391 and 642?
107
Calculate the highest common divisor of 1425 and 225.
75
Calculate the highest common factor of 216 and 24.
24
Calculate the highest common factor of 51 and 17.
17
What is the greatest common factor of 333 and 45?
9
Calculate the greatest common factor of 395 and 25.
5
Calculate the greatest common factor of 1 and 53.
1
Calculate the highest common factor of 12 and 2238.
6
What is the greatest common factor of 15523 and 19?
19
Calculate the highest common factor of 40 and 1040.
40
What is the highest common factor of 9 and 36189?
9
What is the greatest common factor of 460 and 14?
2
What is the greatest common divisor of 784 and 16?
16
What is the greatest common factor of 105 and 35?
35
What is the greatest common divisor of 5 and 3865?
5
Calculate the greatest common factor of 6 and 184.
2
What is the highest common divisor of 195 and 840?
15
Calculate the greatest common factor of 4941 and 122.
61
What is the highest common divisor of 42 and 14154?
42
What is the highest common factor of 88 and 29392?
88
What is the highest common factor of 1404 and 156?
156
Calculate the greatest common factor of 884 and 68.
68
Calculate the greatest common factor of 4 and 1892.
4
Calculate the highest common factor of 1219 and 23.
23
Calculate the greatest common divisor of 33 and 3333.
33
What is the greatest common factor of 7 and 455?
7
Calculate the greatest common factor of 9 and 1953.
9
What is the highest common factor of 87 and 319?
29
Calculate the greatest common factor of 4 and 230.
2
Calculate the greatest common divisor of 22185 and 17.
17
What is the greatest common factor of 486 and 18?
18
What is the greatest common divisor of 12474 and 324?
162
What is the greatest common factor of 376 and 141?
47
Calculate the greatest common divisor of 154 and 506.
22
Calculate the greatest common factor of 560 and 98.
14
What is the highest common factor of 429 and 117?
39
Calculate the greatest common divisor of 4477 and 1815.
121
What is the greatest common factor of 37 and 1147?
37
What is the highest common factor of 182 and 56?
14
Calculate the highest common factor of 138 and 22931.
23
Calculate the highest common factor of 96 and 156.
12
What is the highest common divisor of 20 and 370?
10
What is the greatest common divisor of 85 and 391?
17
What is the greatest common factor of 22 and 2112?
22
What is the greatest common factor of 32 and 12?
4
What is the greatest common factor of 15717 and 31?
31
What is the highest common divisor of 120 and 920?
40
Calculate the highest common divisor of 36 and 123.
3
Calculate the greatest common factor of 110 and 99.
11
Calculate the highest common divisor of 1296 and 16.
16
Calculate the greatest common divisor of 245 and 7301.
49
What is the greatest common factor of 6752 and 224?
32
Calculate the greatest common divisor of 1 and 569.
1
Calculate the greatest common divisor of 30 and 36.
6
What is the highest common divisor of 6 and 260?
2
What is the highest common factor of 15507 and 9?
9
Calculate the greatest common factor of 591 and 3349.
197
What is the highest common factor of 144 and 7572?
12
What is the greatest common factor of 75 and 60?
15
Calculate the highest common divisor of 2250 and 2125.
125
Calculate the highest common factor of 9 and 369.
9
Calculate the highest common divisor of 165 and 110.
55
Calculate the greatest common divisor of 493 and 29.
29
What is the greatest common factor of 91 and 21?
7
Calculate the highest common factor of 4950 and 297.
99
What is the greatest common factor of 1340 and 140?
20
What is the highest common divisor of 11 and 30679?
11
Calculate the greatest common factor of 24 and 1536.
24
What is the highest common factor of 50 and 120?
10
What is the highest common divisor of 112 and 7?
7
What is the highest common factor of 240 and 368?
16
What is the greatest common factor of 4318 and 68?
34
What is the greatest common factor of 54 and 999?
27
What is the greatest common factor of 225 and 700?
25
What is the highest common divisor of 245 and 85?
5
What is the highest common factor of 371 and 14?
7
Calculate the highest common divisor of 30 and 1530.
30
What is the greatest common factor of 5 and 40?
5
What is the highest common divisor of 12912 and 192?
48
What is the highest common factor of 685 and 25?
5
Calculate the highest common divisor of 176 and 1540.
44
Calculate the highest common divisor of 12 and 114.
6
What is the highest common divisor of 2784 and 435?
87
What is the greatest common factor of 122 and 427?
61
Calculate the greatest common divisor of 310 and 450.
10
What is the highest common divisor of 5875 and 125?
125
Calculate the highest common divisor of 301 and 4945.
43
Calculate the greatest common divisor of 54 and 18.
18
What is the highest common divisor of 50 and 450?
50
Calculate the highest common divisor of 416 and 13.
13
What is the greatest common divisor of 6642 and 144?
18
What is the highest common divisor of 37 and 24?
1
What is the highest common factor of 670 and 140?
10
What is the highest common divisor of 324 and 3780?
108
Calculate the highest common factor of 423 and 198.
9
Calculate the greatest common factor of 1368 and 152.
152
What is the highest common divisor of 4902 and 456?
114
What is the greatest common factor of 624 and 96?
48
What is the greatest common divisor of 42 and 28?
14
What is the greatest common divisor of 355 and 25?
5
Calculate the greatest common factor of 145 and 4205.
145
What is the greatest common factor of 10285 and 17?
17
What is the highest common factor of 1360 and 238?
34
Calculate the highest common factor of 8 and 40.
8
What is the greatest common factor of 1273 and 134?
67
What is the highest common divisor of 2383 and 1?
1
Calculate the greatest common divisor of 204 and 1122.
102
What is the greatest common divisor of 1078 and 14?
14
What is the greatest common divisor of 85 and 425?
85
Calculate the highest common divisor of 86 and 2.
2
What is the highest common divisor of 5112 and 3124?
284
What is the greatest common factor of 2844 and 432?
36
What is the greatest common factor of 3538 and 986?
58
What is the greatest common divisor of 2077 and 871?
67
What is the greatest common divisor of 260 and 40?
20
Calculate the greatest common divisor of 299 and 345.
23
What is the greatest common factor of 95 and 5928?
19
Calculate the highest common factor of 3750 and 30.
30
What is the greatest common factor of 34605 and 45?
45
Calculate the highest common divisor of 276 and 759.
69
What is the greatest common factor of 40 and 37960?
40
Calculate the highest common factor of 18 and 7974.
18
Calculate the greatest common divisor of 38 and 551.
19
Calculate the highest common divisor of 882 and 117.
9
Calculate the greatest common divisor of 208 and 442.
26
What is the highest common divisor of 92 and 2438?
46
Calculate the highest common factor of 33 and 44.
11
Calculate the highest common factor of 28 and 4578.
14
What is the greatest common divisor of 10 and 21310?
10
What is the greatest common factor of 759 and 33?
33
Calculate the highest common divisor of 36 and 1845.
9
Calculate the highest common factor of 4 and 76.
4
Calculate the highest common divisor of 1518 and 69.
69
Calculate the greatest common factor of 1029 and 21.
21
Calculate the greatest common divisor of 24 and 888.
24
What is the highest common factor of 23 and 575?
23
What is the greatest